4305 a multiple of 136?
False
Is 949390 a multiple of 218?
True
Does 56 divide 1815016?
True
Is 14 a factor of 231919?
False
Is 309 a factor of 254153?
False
Does 94 divide 17235?
False
Is 1298184 a multiple of 11?
False
Is 179164 a multiple of 3?
False
Does 32 divide 4993568?
True
Is 31966 even?
True
Does 101 divide 1438381?
False
Is 40 a factor of 443840?
True
Is 7 a factor of 867468?
True
Is 8145657 a multiple of 621?
True
Is 22 a factor of 129690?
True
Is 6971848 a multiple of 1559?
True
Is 3018732 a multiple of 20?
False
Does 73 divide 229720?
False
Is 899979 even?
False
Is 9825297 a multiple of 443?
True
Is 3462120 a multiple of 60?
True
Does 16 divide 344928?
True
Is 51 a factor of 8289?
False
Is 17 a factor of 57232?
False
Does 80 divide 6883946?
False
Is 158 a factor of 125294?
True
Does 120 divide 6813551?
False
Is 135 a factor of 1167650?
False
Is 14 a factor of 20483163?
False
Does 31 divide 2370136?
True
Is 17 a factor of 209372?
True
Is 11 a factor of 180102?
False
Is 315 a factor of 409067?
False
Is 17 a factor of 21564?
False
Is 4056850 a multiple of 670?
True
Is 2186856 a multiple of 36?
True
Is 455192 a multiple of 16?
False
Is 52 a factor of 135125?
False
Does 43 divide 868087?
False
Does 142 divide 21941023?
False
Is 28 a factor of 276859?
False
Is 14607498 a multiple of 49?
False
Is 4 a factor of 1353104?
True
Is 28 a factor of 522385?
False
Is 48 a factor of 163344?
True
Is 36 a factor of 223812?
True
Is 64 a factor of 696576?
True
Does 5 divide 89885?
True
Is 14127 even?
False
Is 16601616 a multiple of 11?
False
Is 5 a factor of 370825?
True
Does 43 divide 149632?
False
Does 152 divide 357200?
True
Does 8 divide 77488?
True
Is 8 a factor of 1144?
True
Is 706170 a multiple of 1823?
False
Is 16 a factor of 861152?
True
Does 33 divide 21998115?
False
Does 53 divide 34336?
False
Is 824610 a multiple of 252?
False
Is 21 a factor of 94206?
True
Is 8 a factor of 538448?
True
Does 117 divide 3259503?
True
Is 35 a factor of 959630?
True
Is 12629400 a multiple of 40?
True
Is 11765020 a multiple of 20?
True
Is 11 a factor of 182661?
False
Is 3041463 a multiple of 595?
False
Is 306 a factor of 123318?
True
Is 51655 a multiple of 8?
False
Is 19 a factor of 2003333?
False
Is 213 a factor of 694593?
True
Does 159 divide 64653?
False
Is 12 a factor of 30192?
True
Is 281427 a multiple of 7?
False
Is 423 a factor of 296946?
True
Does 16 divide 642905?
False
Is 907018 a multiple of 259?
True
Does 19 divide 415911?
False
Does 16 divide 31776?
True
Is 371868 a multiple of 399?
True
Is 398768 a multiple of 378?
False
Is 38 a factor of 6462670?
False
Is 242 a factor of 216106?
True
Does 8 divide 1707752?
True
Is 11433259 a multiple of 6?
False
Does 20 divide 190042?
False
Is 867522 a multiple of 757?
True
Is 18 a factor of 2058087?
False
Is 60 a factor of 1245854?
False
Does 4 divide 96124?
True
Is 2804043 a multiple of 93?
True
Is 865 a factor of 911220?
False
Does 36 divide 674784?
True
Is 25 a factor of 2142275?
True
Does 15 divide 606585?
True
Is 45344 a multiple of 50?
False
Is 1412360 a multiple of 248?
True
Does 458 divide 762570?
True
Does 68 divide 519928?
True
Is 12 a factor of 17331?
False
Does 259 divide 1443348?
False
Is 262038 a multiple of 119?
True
Is 100246 a multiple of 60?
False
Does 7 divide 2807?
True
Does 18 divide 11676438?
True
Is 287 a factor of 103184?
False
Does 84 divide 15515?
False
Is 1738052 a multiple of 224?
False
Does 45 divide 916136?
False
Is 19 a factor of 149093?
True
Does 120 divide 13880020?
False
Does 36 divide 734417?
False
Does 6 divide 233352?
True
Is 2917824 a multiple of 501?
True
Is 280 a factor of 130082?
False
Is 182000 a multiple of 500?
True
Is 125 a factor of 440947?
False
Is 6 a factor of 39600?
True
Does 196 divide 3918870?
False
Is 22720960 a multiple of 76?
True
Is 2183976 a multiple of 108?
True
Is 2638536 a multiple of 164?
False
Is 100 a factor of 222911?
False
Is 4579986 a multiple of 17?
False
Is 9 a factor of 311742?
True
Does 133 divide 2176412?
True
Is 310 a factor of 1978325?
False
Does 212 divide 4526412?
True
Is 3 a factor of 23904?
True
Is 128691 a multiple of 119?
False
Is 4684512 a multiple of 32?
True
Does 8 divide 178066?
False
Does 5 divide 86251?
False
Does 96 divide 433964?
False
Is 13 a factor of 39260?
True
Does 10 divide 6701659?
False
Is 1629810 a multiple of 35?
True
Is 39706 a multiple of 17?
False
Is 205 a factor of 322670?
True
Is 84 a factor of 290344?
False
Is 179 a factor of 736764?
True
Is 16 a factor of 25482?
False
Is 106932 a multiple of 114?
True
Is 14 a factor of 1923642?
True
Does 166 divide 185588?
True
Is 2173844 a multiple of 124?
True
Is 23 a factor of 257690?
False
Is 79 a factor of 964125?
False
Is 1571055 a multiple of 51?
True
Is 163904 a multiple of 19?
False
Does 6 divide 82068?
True
Is 4 a factor of 1283032?
True
Is 13 a factor of 58630?
True
Does 49 divide 44618?
False
Is 534105 a multiple of 117?
True
Is 363854 a multiple of 12?
False
Does 83 divide 5581999?
True
Does 23 divide 1613749?
True
Is 428974 a multiple of 14?
True
Does 12 divide 17381031?
False
Is 277 a factor of 616325?
True
Is 197694 a multiple of 466?
False
Does 47 divide 68615?
False
Is 1063632 a multiple of 63?
False
Is 422123 a multiple of 3?
False
Is 62 a factor of 292232?
False
Is 57888 a multiple of 288?
True
Is 261 a factor of 562977?
True
Does 34 divide 2548038?
False
Is 122785 a multiple of 65?
True
Is 51840 a multiple of 45?
True
Does 613 divide 82755?
True
Does 20 divide 18978?
False
Is 275 a factor of 774811?
False
Is 9847005 a multiple of 105?
True
Is 65 a factor of 432510?
True
Is 31 a factor of 751564?
True
Is 4 a factor of 878054?
False
Does 25 divide 720052?
False
Is 319864 a multiple of 7?
False
Is 945979 a multiple of 193?
False
Does 93 divide 870687?
False
Is 1204518 a multiple of 482?
True
Is 51 a factor of 78438?
True
Is 2281615 a multiple of 47?
True
Is 4 a factor of 23108?
True
Is 1930 a multiple of 3?
False
Is 7 a factor of 35170?
False
Is 6044872 a multiple of 281?
True
Is 10 a factor of 222140?
True
Is 275 a factor of 19517025?
True
Is 243 a factor of 2169262?
False
Is 18683 a multiple of 3?
False
Does 27 divide 614709?
True
Does 125 divide 545593?
False
Does 428 divide 232370?
False
Does 5 divide 1066600?
True
Is 8 a factor of 2165863?
False
Is 17941 a multiple of 3?
False
Does 16 divide 3827296?
True
Does 20 divide 792410?
False
Does 24 divide 2974176?
True
Is 757467 a multiple of 3?
True
Does 790 divide 9901070?
True
Is 10 a factor of 1847623?
False
Is 167 a factor of 16482381?
False
Is 10 a factor of 12368444?
False
Is 40 a factor of 720611?
False
Is 114431 a multiple of 41?
True
Is 259743 a multiple of 41?
False
Is 253456 a multiple of 217?
True
Is 61 a factor of 885537?
True
Is 13208 a multiple of 10?
False
Is 84 a factor of 50736?
True
Is 34 a factor of 8632226?
True
Is 10573 a multiple of 32?
False
Is 40608 a multiple of 12?
True
Is 795171 a multiple of 655?
False
Is 11109775 a multiple of 388?
False
Does 570 divide 85582?
False
Is 6 a factor of 661332?
True
Does 2 divide 14814?
True
Is 35 a factor of 461372?
False
Does 131 divide 10809346?
False
Is 463405 a multiple of 417?
False
Is 372 a factor of 2255064?
True
Is 281736 a multiple of 252?
True
Is 1086352 a multiple of 172?
True
Is 115 a factor of 2856891?
False
Is 20 a factor of 1063120?
True
Is 16472355 a multiple of 334?
False
Is 278329 a multiple of 12?
False
Is 1676302 a multiple of 9?
False
Is 3794112 a multiple of 28?
True
Does 2389 divide 29484490?
False
Is 10 a factor of 347590?
True
Does 601 divide 4319387?
True
Is 29 a factor of 87171?
False
Does 126 divide 2546140?
False
Is 14 a factor of 37175?
False
Does 35 divide 656013?
False
Does 70 divide 4265431?
False
Does 226 divide 895864?
True
Is 89 a factor of 515933?
True
Does 20 divide 300660?
True
Does 411 divide 1501188?
False
Does 77 divide 19712?
True
Does 562 divide 3017217?
False
Does 6 divide 2536932?
True
Does 373 divide 1444147?
False
Does 1726 divide 19964642?
True
Does 3 divide 30396?
True
Is 165 a factor of 196515?
True
Does 8 divide 1705705?
False
Does 13 divide 3289223?
False
Does 42 divide 334473?
False
Is 19 a factor of 1635957?
True
Is 3 a factor of 20517?
True
Is 1100687 a multiple of 51?
False
Does 121 divid